he prime factors of d(8)?
83
Let i(n) = n - 2. Let k be i(6). Suppose -5*g = 3*h - 77, k*g - 60 = -3*h + h. List the prime factors of g.
13
Let r be (-3 - -2) + (-1 - 0). Let a = 2 - r. What are the prime factors of a?
2
Let z(d) = 5*d - 6. Let c be z(4). Let b = c + -5. List the prime factors of b.
3
Let r(l) = l**3 - 5*l**2 + 2*l - 2. Let n = -4 - -6. Let f be r(n). Let h(i) = i + 12. What are the prime factors of h(f)?
2
Let o = -4 + 7. Suppose 0 = i + o*i - 80. List the prime factors of i.
2, 5
What are the prime factors of 8*((-476)/16)/(-7)?
2, 17
Let d be (6/9)/(2/(-3)). Let f be 3/(3/9*3). List the prime factors of f + d - 18/(-2).
11
Suppose -x - 18 = -0*x. List the prime factors of -4 - x - (1 - -2).
11
Suppose 0 = -8*z + 4*z. Suppose w - 5 - 19 = z. List the prime factors of w.
2, 3
Suppose -5 = -3*z + 55. List the prime factors of (9/(-5))/((-2)/z).
2, 3
Suppose 99 = 7*h - 4*h. List the prime factors of h.
3, 11
Let g be 5 - (-1 + (1 - 0)). Suppose g*o - 5 = -0*o. What are the prime factors of -1 - ((-1 - 11) + o)?
2, 5
Let m(o) = o**3 - o**2 - o + 3. Let n be m(2). Suppose -7 = -y - 4*g + 28, 0 = -g + n. What are the prime factors of y?
3, 5
Suppose -4 = g + 3*j - 10, g = 4*j - 1. List the prime factors of (-13)/(-1*3/g).
13
Let a(p) = 37*p + 13. List the prime factors of a(2).
3, 29
Let g(u) = 9*u**2 - u. Let w be g(-1). What are the prime factors of w/5 - (-18 + 0)?
2, 5
Let x(a) = -4*a - 43. List the prime factors of x(-14).
13
Let q(c) = c**3 + 20*c**2 + 15*c + 10. List the prime factors of q(-19).
2, 43
Suppose 2*i + w - 12 = 7*i, -2*w - 3 = -i. Let d = -7 - i. Let v = 9 + d. What are the prime factors of v?
5
Let p = 5 - 2. List the prime factors of 20/12*(p - 0).
5
Suppose 0 = -j + 6*j + 3*i + 10, 2*j = 2*i + 12. What are the prime factors of (-632)/(-24) + j/(-3)?
2, 13
Let l = 64 - -24. What are the prime factors of l?
2, 11
Let x(r) = -61*r - 9. List the prime factors of x(-6).
3, 7, 17
What are the prime factors of 61 - (0 + -2 + 3)?
2, 3, 5
Let q(g) = -g**2 + 7*g - 7. Suppose -z = -x + 6*x + 15, 2*x + 8 = 0. Let y be q(z). Suppose u - 16 = -y*u. What are the prime factors of u?
2
Let r(x) = -4*x + 5. Suppose -10 = 3*f + 2. List the prime factors of r(f).
3, 7
Let r(k) = k**2 - 8*k + 14. Let z be r(6). Suppose -7*o = -z*o - 5*x - 50, 47 = 5*o - 2*x. List the prime factors of o.
3
Let f = 7 - -5. List the prime factors of (f/7)/2*7.
2, 3
Let j(p) = -p**2 + 17*p - 17. List the prime factors of j(14).
5
Suppose 3*b = -3*y + 153, 0 = 4*y - b - 4*b - 249. Suppose 25 + y = 3*o. List the prime factors of o.
3
Suppose 19*y = 16*y + 495. List the prime factors of y.
3, 5, 11
Suppose 0 = 2*t - 0 + 6. What are the prime factors of (4/t)/((-3)/36)?
2
Let g be 2*(-2 + 1 + 2). Suppose -2*h = 5*c - 69, g*c + h - 41 = -c. What are the prime factors of c?
13
Suppose -3*h - 20 = h - 4*a, 4*a - 20 = 2*h. Suppose -j - 2*f = 3*j - 294, -4*f + 4 = 0. Suppose h = -5*o - 28 + j. What are the prime factors of o?
3
Let u = -4 - -7. Suppose 0 = u*q + 2*a - 0*a - 27, 3*a = 0. What are the prime factors of q?
3
Let a(k) = -4 - 3*k + 1 - 2*k. What are the prime factors of a(-4)?
17
Suppose -3*c - 2 = 7. List the prime factors of ((-2)/c)/((-4)/(-12)).
2
Let h be 3*(-4 + -1 + 3). Let u be 4/10 - (-24)/15. Let y = u - h. List the prime factors of y.
2
Suppose 4*p - 176 = 168. What are the prime factors of p?
2, 43
Let l be 4/((-24)/(-81))*2. Suppose -5*t = -2*a + 46, -7 = a - 4*t - l. Suppose -5*i - s + a = -0, i - 5*s - 16 = 0. What are the prime factors of i?
2, 3
Let w(h) = 2*h**3 - 3*h**2 + h + 6. What are the prime factors of w(5)?
2, 3, 31
Suppose 0 = -v - 2*v + 57. Suppose -4*l - v = 13. What are the prime factors of (-182)/l + (-3)/(-12)?
23
Let l = -20 + 15. Let a(f) = 2*f**2 + 3*f - 5. List the prime factors of a(l).
2, 3, 5
Let f be (3 + -7)/(2/(-2)). Suppose 0 = f*u + 7*c - 2*c - 5, -c = 3*u + 10. Let g(t) = -t**2 - 5*t + 5. List the prime factors of g(u).
5
Suppose 0 = -3*u - 0*s + 4*s + 40, -5*u - 4*s = -88. What are the prime factors of u?
2
Suppose 0 = -3*y - 3*f + 9, 2*y + f + 3*f - 12 = 0. Suppose 3*q + y*q - 33 = 0. What are the prime factors of q?
11
Suppose 8*a - 3542 = -3*a. List the prime factors of a.
2, 7, 23
Let a(n) be the third derivative of n**6/60 - n**5/10 + n**4/8 + 7*n**2. What are the prime factors of a(4)?
2, 11
Suppose -4*v = -285 - 639. What are the prime factors of v?
3, 7, 11
Let k(p) = 7*p - 2. Let q(y) = y**3 + 5*y**2 - y - 1. Let o be q(-5). Suppose -2 = -o*w + 6. List the prime factors of k(w).
2, 3
Let v = -54 - -160. List the prime factors of v.
2, 53
Let n(f) = -2*f**3 - 1 + f**2 - f + 0 - 2*f**3. Let h(j) = j**3 + 4*j**2 + j + 3. Let a be h(-4). What are the prime factors of n(a)?
5
Let p(u) = u**3 - u**2 - 4 - 10 - 8*u**2 - 8*u. Let l be p(10). Let v = l - 3. List the prime factors of v.
3
Suppose -44 = -4*f + 40. Let a = 3 + f. What are the prime factors of a?
2, 3
Suppose 4 + 20 = -2*t. What are the prime factors of (-6)/6 - (t - 0)?
11
Let x be -10 - (-6 + (6 - 3)). Let k(s) = -2*s - 2. List the prime factors of k(x).
2, 3
Let f(r) = 19*r - 3. Let a(o) = -56*o + 8. Let p(n) = 84*n - 12. Let j(m) = 8*a(m) + 5*p(m). Let k(c) = -7*f(c) - 5*j(c). What are the prime factors of k(1)?
2
Suppose 3*o = 10 - 4. What are the prime factors of (-5)/((-15)/6) + o?
2
Let z(x) = x - 2. Let q be z(7). Let b(t) = -5 - 6*t**2 - 1 + t**3 - 3 - q*t + 2. What are the prime factors of b(7)?
7
Let i(h) = 4*h - 1. Let d be i(-2). Let n = d - -20. What are the prime factors of n?
11
Suppose -l = -6*l + 45. What are the prime factors of 3/l*27/1?
3
Suppose 3*t + 9 = -2*a - 0, 1 = a - 4*t. Let u be 1/(-3*a/27). Suppose y + 4 = 0, 0 = 5*p - 7*y + u*y - 41. List the prime factors of p.
5
Let y(f) = f**2 + f + 3. List the prime factors of y(3).
3, 5
What are the prime factors of 0 - (0 + -3 + -2)?
5
Let j be (2 + (-21)/6)*-4. Let o = 10 - j. Suppose -o*z + 18 = -2*z. What are the prime factors of z?
3
Let p(s) = s**3 - 5*s**2 + 10*s - 10. What are the prime factors of p(5)?
2, 5
Let o = -15 + 17. List the prime factors of o.
2
Let n(j) = j**3 - 4*j**2 + 2*j - 5. Let m(d) be the second derivative of d**4/12 - 4*d**3/3 + 2*d**2 - 2*d. Let c be m(8). List the prime factors of n(c).
3
Let k(a) = -a + 3. Let b(m) = m - 2. Let j(z) = -7*b(z) - 6*k(z). Let u be j(-6). List the prime factors of ((-6)/9)/(u/(-39)).
13
Suppose 3*p - 2 = 2*p. Suppose 4*o - 32 = 4*t, 4*o = -3*t + p*o - 14. Let n = t + 10. What are the prime factors of n?
2
List the prime factors of (-2)/10 + 31/5.
2, 3
Suppose 0 = 2*d - 90 - 112. List the prime factors of d.
101
Let s = -7 - -12. Let h(t) be the first derivative of -t**3/3 + 5*t**2/2 + 7*t + 5. What are the prime factors of h(s)?
7
Suppose 0 = -5*u - 3*m + 429, -u - 265 = -4*u + 2*m. Let n = u - 42. List the prime factors of n.
3, 5
Suppose 2*j - 5*j = 5*i - 580, 0 = i - 2*j - 116. What are the prime factors of i?
2, 29
Suppose -5*b + 4*b + 6 = 4*f, -10 = 5*b. List the prime factors of f.
2
Let t(n) = 5*n**2 + 1 + 0*n**2 - 3*n + 5*n - n**2. What are the prime factors of t(-1)?
3
Suppose 1 = -5*i + 6, a - 55 = -4*i. What are the prime factors of a?
3, 17
List the prime factors of (-2)/(-3 + 44/16).
2
Let t(q) be the third derivative of q**4/8 + 2*q**2. What are the prime factors of t(1)?
3
Suppose a - 17 = 4*i - 4, 0 = 4*a + 5*i - 10. Suppose c = 22 - a. List the prime factors of c.
17
Let y(o) = -o**3 + 9*o**2 - 5*o - 10. What are the prime factors of y(7)?
53
Let d = 172 + -120. List the prime factors of d.
2, 13
Suppose 0*a + a + 14 = 0. Let d = a - -20. List the prime factors of d.
2, 3
Let b(n) = 13*n + 23. List the prime factors of b(3).
2, 31
Suppose -c + 3*t = 1, 5 = 5*c - 6*t + t. Suppose -2*d - 4 = -2*g, 22 = 5*g + c*d - d. Suppose 0 = b - g*m + 13, -b - 3 = -2*m. What are the prime factors of b?
7
Let m(y) = y + 18. Let z(t) = -5*t + 4. Let j be z(3). List the prime factors of m(j).
7
Let u = 6 - 1. Suppose -u*m = 5*l - 40, -m - m + 2*l = -4. Suppose 2*v - 18 = f, m*v - 6*f - 42 = -2*f. List the prime factors of v.
2, 5
Let m = 65 + -26. List the prime factors of m.
3, 13
Suppose 0 = -k - 3*k + 176. What are the prime factors of k?
2, 11
Let r(j) = 4*j - 3. Let q be r(2). Let n = -5 + q. What ar